191 divide 88362881?
False
Is 235156179 a multiple of 2?
False
Does 178 divide 10227880?
True
Is 381478412 a multiple of 9?
False
Is 2288 a factor of 14677843?
False
Does 24 divide 26285088?
True
Is 19893624 a multiple of 25?
False
Is 2544 a factor of 105082464?
True
Does 129 divide 508309923?
True
Is 818422142 a multiple of 380?
False
Is 1509 a factor of 68200627?
False
Is 2548 a factor of 414440211?
False
Is 273520205 a multiple of 1121?
False
Is 86 a factor of 262828470?
True
Is 97505643 a multiple of 1456?
False
Is 153306368 a multiple of 16?
True
Is 404128754 a multiple of 25?
False
Does 13 divide 417720?
False
Is 20199168 a multiple of 18?
True
Does 1417 divide 25749655?
False
Does 387 divide 104259126?
False
Does 13 divide 9538260?
False
Is 6513000 a multiple of 3?
True
Is 1360732020 a multiple of 6540?
True
Is 949 a factor of 2910824788?
False
Is 159376304 a multiple of 161?
False
Does 28 divide 118429780?
True
Does 29 divide 118790235?
True
Is 9289444 a multiple of 55?
False
Is 15240456 a multiple of 88?
True
Does 468 divide 1080984?
False
Is 16701 a factor of 3973418415?
True
Is 22 a factor of 2723297154?
False
Is 1448267 a multiple of 90?
False
Is 1354 a factor of 90295807?
False
Does 73 divide 286833074?
False
Is 26 a factor of 6423742?
True
Is 33 a factor of 198161477?
False
Is 16 a factor of 33699010?
False
Does 9 divide 81674037?
True
Is 860 a factor of 870564240?
True
Does 12 divide 1720185?
False
Does 2832 divide 74937552?
True
Does 690 divide 9556449?
False
Does 782 divide 43625434?
True
Is 149242657 a multiple of 402?
False
Does 24 divide 207983589?
False
Is 223 a factor of 1501685568?
True
Does 6379 divide 233171587?
True
Does 133 divide 77542458?
True
Is 3547146 a multiple of 345?
False
Is 14 a factor of 2097945246?
False
Is 8174080 a multiple of 4?
True
Is 148 a factor of 3186196851?
False
Is 3432007679 a multiple of 7983?
False
Does 13 divide 2251843045?
False
Is 429647696 a multiple of 589?
False
Is 680 a factor of 1047262560?
True
Is 131 a factor of 45008325?
True
Is 581206232 a multiple of 25?
False
Does 12 divide 871031736?
True
Is 3770355024 a multiple of 144?
True
Is 60711164 a multiple of 2?
True
Does 68 divide 9072628?
True
Is 195495239 a multiple of 5267?
True
Does 264 divide 22367278?
False
Does 65 divide 57001685?
True
Is 412086 a multiple of 116?
False
Does 2664 divide 64192820?
False
Does 13 divide 847994420?
True
Is 61 a factor of 33517304?
True
Is 71 a factor of 14296580?
False
Does 142 divide 2914226?
False
Is 879779606 a multiple of 70?
False
Is 23681186 a multiple of 108?
False
Does 43 divide 4807431218?
True
Does 8 divide 110995160?
True
Is 705921552 a multiple of 63?
True
Is 1770 a factor of 2989828?
False
Is 241 a factor of 88491344?
True
Is 1063 a factor of 2275515?
False
Is 4687990974 a multiple of 135?
False
Is 308860184 a multiple of 2510?
False
Does 26 divide 10838315?
False
Does 17 divide 697451677?
False
Is 19 a factor of 41641810?
False
Does 93 divide 77001152?
False
Is 29 a factor of 17651082?
True
Does 3 divide 1405976041?
False
Does 498 divide 1762869932?
False
Is 2 a factor of 53410688?
True
Is 159125653 a multiple of 2319?
False
Is 81 a factor of 2987526?
False
Does 421 divide 4973658636?
True
Is 587 a factor of 118795299?
True
Does 200 divide 10745200?
True
Is 3249847177 a multiple of 17?
True
Does 2 divide 98374538?
True
Does 88 divide 21657058?
False
Is 3249 a factor of 236348505?
True
Is 8155369 a multiple of 123?
False
Does 32 divide 7949696?
True
Is 2224 a factor of 45238116?
False
Is 1722 a factor of 208739118?
True
Is 1246364066 a multiple of 6507?
False
Does 7 divide 135253948?
False
Does 102 divide 60174214?
False
Does 37 divide 1325173407?
False
Does 7 divide 721182?
True
Does 106 divide 30735336?
True
Does 30 divide 60244458?
False
Is 617404216 a multiple of 949?
True
Is 925605396 a multiple of 5964?
False
Is 149267429 a multiple of 936?
False
Does 95 divide 151420690?
True
Does 88 divide 238322?
False
Does 687 divide 39783449?
False
Does 1143 divide 249639935?
False
Does 1524 divide 55846828?
False
Is 54622456 a multiple of 98?
True
Does 15 divide 876349275?
True
Is 19 a factor of 573086341?
True
Is 323108762 a multiple of 10?
False
Does 28 divide 1032613008?
True
Does 181 divide 386061416?
True
Is 82204573 a multiple of 11?
True
Does 1681 divide 142661427?
True
Is 16 a factor of 26780144?
True
Is 9766 a factor of 4130842212?
True
Is 281558304 even?
True
Is 817 a factor of 1330008450?
False
Is 50232672 a multiple of 14?
True
Does 143 divide 350028612?
False
Does 1616 divide 361646256?
True
Is 4497341 a multiple of 6?
False
Is 77628560 a multiple of 3460?
True
Does 339 divide 3980977?
False
Does 75 divide 596420100?
True
Is 31892332 a multiple of 59?
True
Is 1774980 a multiple of 95?
True
Is 296 a factor of 114923184?
True
Is 18 a factor of 202462583?
False
Is 832609072 a multiple of 1227?
False
Does 79 divide 741315776?
True
Is 213 a factor of 87752805?
True
Does 635 divide 169007790?
True
Is 2225 a factor of 325825135?
False
Is 453 a factor of 71456275?
False
Does 12 divide 182302524?
True
Does 195 divide 548504422?
False
Is 63 a factor of 54729549?
True
Is 30437519 a multiple of 17?
False
Is 4 a factor of 47285928?
True
Is 59727475 a multiple of 25?
True
Does 1620 divide 197981820?
True
Is 610369860 a multiple of 460?
True
Is 4211527 a multiple of 19?
False
Is 9141204 a multiple of 57?
True
Is 1559462 a multiple of 97?
False
Does 15 divide 10074705?
True
Is 10 a factor of 3863310?
True
Does 1306 divide 35469654?
True
Is 29147248 a multiple of 294?
False
Does 487 divide 3468643864?
True
Is 510208268 a multiple of 243?
False
Does 50 divide 8927150?
True
Is 2307661107 a multiple of 1119?
True
Is 7993088 a multiple of 7?
False
Is 6 a factor of 24087410?
False
Does 806 divide 373793784?
True
Does 3275 divide 102798736?
False
Is 3316436060 a multiple of 140?
True
Is 14 a factor of 15611367?
False
Is 1964 a factor of 31932703?
False
Is 836 a factor of 394079532?
True
Is 45239323 a multiple of 2759?
True
Is 422406271 a multiple of 19?
True
Is 19457020 a multiple of 55?
True
Is 3517592 a multiple of 596?
True
Does 105 divide 1520752255?
False
Does 398 divide 8361021?
False
Is 713 a factor of 5508638?
True
Is 6 a factor of 91326972?
True
Is 289448919 a multiple of 214?
False
Does 159 divide 96774078?
True
Is 20 a factor of 95425560?
True
Does 7 divide 5470413?
False
Is 1420200 a multiple of 20?
True
Is 357915189 a multiple of 33?
False
Is 21 a factor of 45916125?
False
Is 1001608530 a multiple of 130?
True
Is 328999606 a multiple of 1113?
False
Does 440 divide 14833280?
True
Is 1112 a factor of 158319925?
False
Is 39330738 a multiple of 9?
True
Is 1074186806 a multiple of 3?
False
Is 199 a factor of 32617493?
True
Does 128 divide 12378586?
False
Is 83387538 a multiple of 734?
True
Is 822894800 a multiple of 925?
True
Is 108919815 a multiple of 1405?
True
Is 530 a factor of 26205850?
True
Is 344492149 a multiple of 551?
False
Does 25 divide 428416898?
False
Is 328 a factor of 16998272?
True
Is 10 a factor of 6630680?
True
Is 2323 a factor of 39511323?
False
Does 14008 divide 1821904801?
False
Does 3210 divide 334074330?
True
Is 84 a factor of 81640937?
False
Does 1562 divide 17274158?
True
Is 197 a factor of 10268132?
False
Is 79445144 a multiple of 277?
False
Is 7 a factor of 8893235?
False
Is 33 a factor of 7228569?
False
Is 25 a factor of 12925613?
False
Is 125022216 a multiple of 2937?
True
Is 246791298 a multiple of 4022?
False
Is 79650510 a multiple of 88?
False
Does 13 divide 240803004?
True
Is 1231 a factor of 1528364053?
True
Does 141 divide 195396677?
False
Is 113243115 a multiple of 13?
False
Is 64256312 a multiple of 125?
False
Is 1287766928 a multiple of 56?
True
Is 434218845 a multiple of 28?
False
Is 22 a factor of 2142736090?
True
Is 11135059 a multiple of 223?
True
Is 2 a factor of 18004273?
False
Does 496 divide 8105632?
True
Does 2008 divide 14026907?
False
Does 18 divide 207579024?
True
Is 6 a factor of 551937333?
False
Is 1152 a factor of 12561408?
True
Is 43571094 a multiple of 22?
False
Is 1393295429 a multiple of 22?
False
Does 23 divide 52262279?
True
Is 3100694310 a multiple of 129?
True
Is 289587698 a multiple of 55?
False
Is 16 a factor of 4171387968?